{"id":106,"date":"2025-09-01T13:59:14","date_gmt":"2025-09-01T13:59:14","guid":{"rendered":"https:\/\/lereconnect.com\/?page_id=106"},"modified":"2025-12-11T12:34:05","modified_gmt":"2025-12-11T11:34:05","slug":"reflexologie-plantaire","status":"publish","type":"page","link":"https:\/\/lereconnect.com\/index.php\/reflexologie-plantaire\/","title":{"rendered":"R\u00e9flexologie Plantaire"},"content":{"rendered":"\t\t<div data-elementor-type=\"wp-page\" data-elementor-id=\"106\" class=\"elementor elementor-106\" data-elementor-post-type=\"page\">\n\t\t\t\t<div class=\"elementor-element elementor-element-74e0136c e-flex e-con-boxed e-con e-parent\" data-id=\"74e0136c\" data-element_type=\"container\" data-settings=\"{&quot;background_background&quot;:&quot;classic&quot;}\">\n\t\t\t\t\t<div class=\"e-con-inner\">\n\t\t\t\t<div class=\"elementor-element elementor-element-72c2faac elementor-widget elementor-widget-heading\" data-id=\"72c2faac\" data-element_type=\"widget\" data-widget_type=\"heading.default\">\n\t\t\t\t\t<h2 class=\"elementor-heading-title elementor-size-default\">R\u00e9flexologie Plantaire<\/h2>\t\t\t\t<\/div>\n\t\t\t\t\t<\/div>\n\t\t\t\t<\/div>\n\t\t<div class=\"elementor-element elementor-element-7938de3d e-flex e-con-boxed elementor-invisible e-con e-parent\" data-id=\"7938de3d\" data-element_type=\"container\" data-settings=\"{&quot;background_background&quot;:&quot;classic&quot;,&quot;animation&quot;:&quot;fadeIn&quot;}\">\n\t\t\t\t\t<div class=\"e-con-inner\">\n\t\t<div class=\"elementor-element elementor-element-2fdf4c3e e-con-full e-flex e-con e-child\" data-id=\"2fdf4c3e\" data-element_type=\"container\">\n\t\t<div class=\"elementor-element elementor-element-56d7741 e-con-full e-flex elementor-invisible e-con e-child\" data-id=\"56d7741\" data-element_type=\"container\" data-settings=\"{&quot;animation&quot;:&quot;fadeIn&quot;,&quot;animation_delay&quot;:100}\">\n\t\t\t\t<div class=\"elementor-element elementor-element-f615334 elementor-widget elementor-widget-heading\" data-id=\"f615334\" data-element_type=\"widget\" data-widget_type=\"heading.default\">\n\t\t\t\t\t<h2 class=\"elementor-heading-title elementor-size-default\">Une pause de bien-\u00eatre originale et sur mesure<\/h2>\t\t\t\t<\/div>\n\t\t\t\t<\/div>\n\t\t<div class=\"elementor-element elementor-element-44e9f5 e-con-full e-flex elementor-invisible e-con e-child\" data-id=\"44e9f5\" data-element_type=\"container\" data-settings=\"{&quot;animation&quot;:&quot;fadeIn&quot;,&quot;animation_delay&quot;:200}\">\n\t\t\t\t<div class=\"elementor-element elementor-element-49a55063 elementor-widget elementor-widget-text-editor\" data-id=\"49a55063\" data-element_type=\"widget\" data-widget_type=\"text-editor.default\">\n\t\t\t\t\t\t\t\t\t<div><div class=\"elementToProof\" role=\"presentation\">Offrez \u00e0 vos collaborateurs une exp\u00e9rience unique de bien-\u00eatre : la r\u00e9flexologie plantaire. <br \/><br \/>Bien plus qu\u2019un simple massage, cette technique ancestrale est pratiqu\u00e9e sur les pieds pour d\u00e9nouer les tensions accumul\u00e9es dans l&rsquo;ensemble du corps.<\/div><\/div>\t\t\t\t\t\t\t\t<\/div>\n\t\t\t\t<\/div>\n\t\t\t\t<\/div>\n\t\t\t\t\t<\/div>\n\t\t\t\t<\/div>\n\t\t<div class=\"elementor-element elementor-element-62ed98e0 e-flex e-con-boxed e-con e-parent\" data-id=\"62ed98e0\" data-element_type=\"container\" data-settings=\"{&quot;background_background&quot;:&quot;classic&quot;}\">\n\t\t\t\t\t<div class=\"e-con-inner\">\n\t\t<div class=\"elementor-element elementor-element-301fe625 e-con-full e-flex elementor-invisible e-con e-child\" data-id=\"301fe625\" data-element_type=\"container\" data-settings=\"{&quot;background_background&quot;:&quot;classic&quot;,&quot;animation&quot;:&quot;fadeIn&quot;}\">\n\t\t<div class=\"elementor-element elementor-element-3d42a74 e-con-full e-flex e-con e-child\" data-id=\"3d42a74\" data-element_type=\"container\">\n\t\t\t\t<div class=\"elementor-element elementor-element-37040bae elementor-widget__width-initial elementor-widget elementor-widget-heading\" data-id=\"37040bae\" data-element_type=\"widget\" data-widget_type=\"heading.default\">\n\t\t\t\t\t<h2 class=\"elementor-heading-title elementor-size-default\">En agissant sur les zones r\u00e9flexes, ce soin aide \u00e0 :<\/h2>\t\t\t\t<\/div>\n\t\t\t\t<div class=\"elementor-element elementor-element-26fb0acf elementor-widget elementor-widget-spacer\" data-id=\"26fb0acf\" data-element_type=\"widget\" data-widget_type=\"spacer.default\">\n\t\t\t\t\t\t\t<div class=\"elementor-spacer\">\n\t\t\t<div class=\"elementor-spacer-inner\"><\/div>\n\t\t<\/div>\n\t\t\t\t\t\t<\/div>\n\t\t\t\t<\/div>\n\t\t<div class=\"elementor-element elementor-element-1f2c8652 e-con-full e-flex e-con e-child\" data-id=\"1f2c8652\" data-element_type=\"container\">\n\t\t<div class=\"elementor-element elementor-element-6cb0d5cc e-con-full e-flex e-con e-child\" data-id=\"6cb0d5cc\" data-element_type=\"container\">\n\t\t\t\t<div class=\"elementor-element elementor-element-5da3c301 elementor-invisible elementor-widget elementor-widget-image-box\" data-id=\"5da3c301\" data-element_type=\"widget\" data-settings=\"{&quot;_animation&quot;:&quot;fadeIn&quot;}\" data-widget_type=\"image-box.default\">\n\t\t\t\t\t<div class=\"elementor-image-box-wrapper\"><div class=\"elementor-image-box-content\"><h3 class=\"elementor-image-box-title\">R\u00e9duire le stress et la fatigue :<\/h3><p class=\"elementor-image-box-description\">Un moment de profonde relaxation qui permet de se ressourcer en seulement 30 minutes.<\/p><\/div><\/div>\t\t\t\t<\/div>\n\t\t\t\t<\/div>\n\t\t<div class=\"elementor-element elementor-element-a7f5eed e-con-full e-flex e-con e-child\" data-id=\"a7f5eed\" data-element_type=\"container\">\n\t\t\t\t<div class=\"elementor-element elementor-element-2bd3f3b elementor-invisible elementor-widget elementor-widget-image-box\" data-id=\"2bd3f3b\" data-element_type=\"widget\" data-settings=\"{&quot;_animation&quot;:&quot;fadeIn&quot;}\" data-widget_type=\"image-box.default\">\n\t\t\t\t\t<div class=\"elementor-image-box-wrapper\"><div class=\"elementor-image-box-content\"><h3 class=\"elementor-image-box-title\">Am\u00e9liorer la concentration :<\/h3><p class=\"elementor-image-box-description\">En stimulant la circulation, le soin apporte une sensation de l\u00e9g\u00e8ret\u00e9 et un regain d'\u00e9nergie.<\/p><\/div><\/div>\t\t\t\t<\/div>\n\t\t\t\t<\/div>\n\t\t\t\t<\/div>\n\t\t<div class=\"elementor-element elementor-element-5a913158 e-con-full e-flex e-con e-child\" data-id=\"5a913158\" data-element_type=\"container\">\n\t\t<div class=\"elementor-element elementor-element-24af093 e-con-full e-flex e-con e-child\" data-id=\"24af093\" data-element_type=\"container\">\n\t\t\t\t<div class=\"elementor-element elementor-element-76f3c345 elementor-invisible elementor-widget elementor-widget-image-box\" data-id=\"76f3c345\" data-element_type=\"widget\" data-settings=\"{&quot;_animation&quot;:&quot;fadeIn&quot;}\" data-widget_type=\"image-box.default\">\n\t\t\t\t\t<div class=\"elementor-image-box-wrapper\"><div class=\"elementor-image-box-content\"><h3 class=\"elementor-image-box-title\">Pr\u00e9venir les maux physiques :<\/h3><p class=\"elementor-image-box-description\">La r\u00e9flexologie contribue \u00e0 soulager les maux de t\u00eate et les tensions dorsales ou cervicales, quel que soit votre m\u00e9tier.<\/p><\/div><\/div>\t\t\t\t<\/div>\n\t\t\t\t<\/div>\n\t\t<div class=\"elementor-element elementor-element-7988b501 e-con-full e-flex e-con e-child\" data-id=\"7988b501\" data-element_type=\"container\">\n\t\t\t\t<div class=\"elementor-element elementor-element-5c76c73 elementor-invisible elementor-widget elementor-widget-image-box\" data-id=\"5c76c73\" data-element_type=\"widget\" data-settings=\"{&quot;_animation&quot;:&quot;fadeIn&quot;,&quot;_animation_delay&quot;:200}\" data-widget_type=\"image-box.default\">\n\t\t\t\t\t<div class=\"elementor-image-box-wrapper\"><div class=\"elementor-image-box-content\"><h3 class=\"elementor-image-box-title\">C'est une prestation pratique et efficace<\/h3><p class=\"elementor-image-box-description\">qui peut \u00eatre propos\u00e9e en format demi-journ\u00e9e ou journ\u00e9e pour un impact durable sur la qualit\u00e9 de vie au travail de vos \u00e9quipes.<\/p><\/div><\/div>\t\t\t\t<\/div>\n\t\t\t\t<\/div>\n\t\t\t\t<\/div>\n\t\t\t\t<\/div>\n\t\t<div class=\"elementor-element elementor-element-2088449 e-con-full e-flex elementor-invisible e-con e-child\" data-id=\"2088449\" data-element_type=\"container\" data-settings=\"{&quot;animation&quot;:&quot;fadeIn&quot;,&quot;animation_delay&quot;:200}\">\n\t\t\t\t<div class=\"elementor-element elementor-element-194f08b elementor-widget elementor-widget-text-editor\" data-id=\"194f08b\" data-element_type=\"widget\" data-widget_type=\"text-editor.default\">\n\t\t\t\t\t\t\t\t\t<p class=\"zfr3Q CDt4Ke \" dir=\"ltr\"><span class=\"C9DxTc \">Contre-indications\u00a0:<\/span><\/p><p class=\"zfr3Q CDt4Ke \" dir=\"ltr\">Ce massage ne convient pas aux personnes souffrant de thrombose, phl\u00e9bites, entorse, fracture, probl\u00e8mes cardiaques, premier trimestre de grossesse.<\/p>\t\t\t\t\t\t\t\t<\/div>\n\t\t\t\t<\/div>\n\t\t\t\t\t<\/div>\n\t\t\t\t<\/div>\n\t\t<div class=\"elementor-element elementor-element-df2ad50 e-flex e-con-boxed elementor-invisible e-con e-parent\" data-id=\"df2ad50\" data-element_type=\"container\" data-settings=\"{&quot;background_background&quot;:&quot;classic&quot;,&quot;animation&quot;:&quot;fadeIn&quot;}\">\n\t\t\t\t\t<div class=\"e-con-inner\">\n\t\t<div class=\"elementor-element elementor-element-5880f72 e-con-full e-flex e-con e-child\" data-id=\"5880f72\" data-element_type=\"container\">\n\t\t<div class=\"elementor-element elementor-element-59d681b e-con-full e-flex elementor-invisible e-con e-child\" data-id=\"59d681b\" data-element_type=\"container\" data-settings=\"{&quot;animation&quot;:&quot;fadeIn&quot;,&quot;animation_delay&quot;:100}\">\n\t\t\t\t<div class=\"elementor-element elementor-element-b8fc6cb elementor-widget elementor-widget-heading\" data-id=\"b8fc6cb\" data-element_type=\"widget\" data-widget_type=\"heading.default\">\n\t\t\t\t\t<h2 class=\"elementor-heading-title elementor-size-default\">Nos tarifs<\/h2>\t\t\t\t<\/div>\n\t\t\t\t<\/div>\n\t\t<div class=\"elementor-element elementor-element-ba54c17 e-con-full e-flex elementor-invisible e-con e-child\" data-id=\"ba54c17\" data-element_type=\"container\" data-settings=\"{&quot;animation&quot;:&quot;fadeIn&quot;,&quot;animation_delay&quot;:200}\">\n\t\t\t\t<div class=\"elementor-element elementor-element-de962bb elementor-widget elementor-widget-text-editor\" data-id=\"de962bb\" data-element_type=\"widget\" data-widget_type=\"text-editor.default\">\n\t\t\t\t\t\t\t\t\t<div class=\"CjVfdc\"><span class=\"C9DxTc \">R\u00e9flexologie plantaire<\/span><\/div>\t\t\t\t\t\t\t\t<\/div>\n\t\t\t\t<\/div>\n\t\t\t\t<\/div>\n\t\t<div class=\"elementor-element elementor-element-e88b08e e-con-full e-flex elementor-invisible e-con e-child\" data-id=\"e88b08e\" data-element_type=\"container\" data-settings=\"{&quot;background_background&quot;:&quot;classic&quot;,&quot;animation&quot;:&quot;fadeIn&quot;}\">\n\t\t<div class=\"elementor-element elementor-element-4e9dad9 e-con-full e-flex elementor-invisible e-con e-child\" data-id=\"4e9dad9\" data-element_type=\"container\" data-settings=\"{&quot;background_background&quot;:&quot;classic&quot;,&quot;animation&quot;:&quot;fadeIn&quot;,&quot;animation_delay&quot;:100}\">\n\t\t\t\t<div class=\"elementor-element elementor-element-0a0d555 elementor-widget elementor-widget-heading\" data-id=\"0a0d555\" data-element_type=\"widget\" data-widget_type=\"heading.default\">\n\t\t\t\t\t<h2 class=\"elementor-heading-title elementor-size-default\">ENTREPRISE<\/h2>\t\t\t\t<\/div>\n\t\t\t\t<div class=\"elementor-element elementor-element-1b1462b elementor-widget-divider--view-line elementor-widget elementor-widget-divider\" data-id=\"1b1462b\" data-element_type=\"widget\" data-widget_type=\"divider.default\">\n\t\t\t\t\t\t\t<div class=\"elementor-divider\">\n\t\t\t<span class=\"elementor-divider-separator\">\n\t\t\t\t\t\t<\/span>\n\t\t<\/div>\n\t\t\t\t\t\t<\/div>\n\t\t<div class=\"elementor-element elementor-element-a650f36 e-con-full e-flex e-con e-child\" data-id=\"a650f36\" data-element_type=\"container\">\n\t\t\t\t<div class=\"elementor-element elementor-element-732ab39 elementor-widget elementor-widget-text-editor\" data-id=\"732ab39\" data-element_type=\"widget\" data-widget_type=\"text-editor.default\">\n\t\t\t\t\t\t\t\t\t<div class=\"CjVfdc CJIdie\"><div class=\"CjVfdc CJIdie\"><div class=\"CjVfdc CJIdie\"><span class=\"C9DxTc \"> Demander un devis au 06.16.66.88.99 ou par mail \u00e0 : <\/span><a class=\"XqQF9c\" href=\"mailto:lereconnect@gmail.com\" target=\"_blank\" rel=\"noopener\"><span class=\"C9DxTc aw5Odc \">lereconnect@gmail.com<\/span><\/a><\/div><\/div><\/div>\t\t\t\t\t\t\t\t<\/div>\n\t\t\t\t<div class=\"elementor-element elementor-element-d5c2580 elementor-widget elementor-widget-button\" data-id=\"d5c2580\" data-element_type=\"widget\" data-widget_type=\"button.default\">\n\t\t\t\t\t\t\t\t\t\t<a class=\"elementor-button elementor-button-link elementor-size-sm\" href=\"https:\/\/lereconnect.com\/index.php\/contact\/\">\n\t\t\t\t\t\t<span class=\"elementor-button-content-wrapper\">\n\t\t\t\t\t\t\t\t\t<span class=\"elementor-button-text\">Demander un devis<\/span>\n\t\t\t\t\t<\/span>\n\t\t\t\t\t<\/a>\n\t\t\t\t\t\t\t\t<\/div>\n\t\t\t\t<\/div>\n\t\t\t\t<\/div>\n\t\t\t\t<\/div>\n\t\t\t\t\t<\/div>\n\t\t\t\t<\/div>\n\t\t<div class=\"elementor-element elementor-element-64fe9131 e-flex e-con-boxed elementor-invisible e-con e-parent\" data-id=\"64fe9131\" data-element_type=\"container\" data-settings=\"{&quot;background_background&quot;:&quot;classic&quot;,&quot;animation&quot;:&quot;fadeIn&quot;}\">\n\t\t\t\t\t<div class=\"e-con-inner\">\n\t\t<div class=\"elementor-element elementor-element-2b409bc8 e-con-full e-flex e-con e-child\" data-id=\"2b409bc8\" data-element_type=\"container\" data-settings=\"{&quot;background_background&quot;:&quot;classic&quot;}\">\n\t\t<div class=\"elementor-element elementor-element-74566a09 e-con-full e-flex elementor-invisible e-con e-child\" data-id=\"74566a09\" data-element_type=\"container\" data-settings=\"{&quot;background_background&quot;:&quot;classic&quot;,&quot;animation&quot;:&quot;fadeIn&quot;,&quot;animation_delay&quot;:100}\">\n\t\t\t\t<div class=\"elementor-element elementor-element-4cba3132 elementor-widget elementor-widget-heading\" data-id=\"4cba3132\" data-element_type=\"widget\" data-widget_type=\"heading.default\">\n\t\t\t\t\t<h2 class=\"elementor-heading-title elementor-size-default\">Contactez-nous<\/h2>\t\t\t\t<\/div>\n\t\t\t\t<div class=\"elementor-element elementor-element-50eed5d4 elementor-widget elementor-widget-text-editor\" data-id=\"50eed5d4\" data-element_type=\"widget\" data-widget_type=\"text-editor.default\">\n\t\t\t\t\t\t\t\t\t<p>Vous souhaitez am\u00e9liorer votre politique QVT, r\u00e9duire l\u2019absent\u00e9isme et pr\u00e9venir les burn-out, tout en valorisant vos collaborateurs ?<\/p>\t\t\t\t\t\t\t\t<\/div>\n\t\t\t\t<\/div>\n\t\t<div class=\"elementor-element elementor-element-285a7a7c e-con-full e-flex e-con e-child\" data-id=\"285a7a7c\" data-element_type=\"container\" data-settings=\"{&quot;background_background&quot;:&quot;classic&quot;}\">\n\t\t<div class=\"elementor-element elementor-element-385db1c6 e-con-full e-flex elementor-invisible e-con e-child\" data-id=\"385db1c6\" data-element_type=\"container\" data-settings=\"{&quot;background_background&quot;:&quot;classic&quot;,&quot;animation&quot;:&quot;fadeIn&quot;,&quot;animation_delay&quot;:300}\">\n\t\t\t\t<div class=\"elementor-element elementor-element-682f5a7d elementor-icon-list--layout-traditional elementor-list-item-link-full_width elementor-widget elementor-widget-icon-list\" data-id=\"682f5a7d\" data-element_type=\"widget\" data-widget_type=\"icon-list.default\">\n\t\t\t\t\t\t\t<ul class=\"elementor-icon-list-items\">\n\t\t\t\t\t\t\t<li class=\"elementor-icon-list-item\">\n\t\t\t\t\t\t\t\t\t\t\t<span class=\"elementor-icon-list-icon\">\n\t\t\t\t\t\t\t<i aria-hidden=\"true\" class=\"icon icon-map-marker1\"><\/i>\t\t\t\t\t\t<\/span>\n\t\t\t\t\t\t\t\t\t\t<span class=\"elementor-icon-list-text\">238 rue Ensouleiado 13120 Gardanne<\/span>\n\t\t\t\t\t\t\t\t\t<\/li>\n\t\t\t\t\t\t\t\t<li class=\"elementor-icon-list-item\">\n\t\t\t\t\t\t\t\t\t\t\t<span class=\"elementor-icon-list-icon\">\n\t\t\t\t\t\t\t<i aria-hidden=\"true\" class=\"icon icon-phone-call1\"><\/i>\t\t\t\t\t\t<\/span>\n\t\t\t\t\t\t\t\t\t\t<span class=\"elementor-icon-list-text\">06 16 66 88 99<\/span>\n\t\t\t\t\t\t\t\t\t<\/li>\n\t\t\t\t\t\t\t\t<li class=\"elementor-icon-list-item\">\n\t\t\t\t\t\t\t\t\t\t\t<span class=\"elementor-icon-list-icon\">\n\t\t\t\t\t\t\t<i aria-hidden=\"true\" class=\"icon icon-phone-call1\"><\/i>\t\t\t\t\t\t<\/span>\n\t\t\t\t\t\t\t\t\t\t<span class=\"elementor-icon-list-text\">06 63 32 00 24<\/span>\n\t\t\t\t\t\t\t\t\t<\/li>\n\t\t\t\t\t\t\t\t<li class=\"elementor-icon-list-item\">\n\t\t\t\t\t\t\t\t\t\t\t<span class=\"elementor-icon-list-icon\">\n\t\t\t\t\t\t\t<i aria-hidden=\"true\" class=\"icon icon-envelope2\"><\/i>\t\t\t\t\t\t<\/span>\n\t\t\t\t\t\t\t\t\t\t<span class=\"elementor-icon-list-text\">lereconnect@gmail.com<\/span>\n\t\t\t\t\t\t\t\t\t<\/li>\n\t\t\t\t\t\t<\/ul>\n\t\t\t\t\t\t<\/div>\n\t\t\t\t<\/div>\n\t\t\t\t<\/div>\n\t\t\t\t<\/div>\n\t\t\t\t\t<\/div>\n\t\t\t\t<\/div>\n\t\t\t\t<\/div>\n\t\t","protected":false},"excerpt":{"rendered":"<p>R\u00e9flexologie Plantaire Une pause de bien-\u00eatre originale et sur mesure Offrez \u00e0 vos collaborateurs une exp\u00e9rience unique de bien-\u00eatre : la r\u00e9flexologie plantaire. Bien plus qu\u2019un simple massage, cette technique ancestrale est pratiqu\u00e9e sur les pieds pour d\u00e9nouer les tensions accumul\u00e9es dans l&rsquo;ensemble du corps. En agissant sur les zones r\u00e9flexes, ce soin aide \u00e0 [&hellip;]<\/p>\n","protected":false},"author":2,"featured_media":0,"parent":0,"menu_order":0,"comment_status":"closed","ping_status":"closed","template":"elementor_header_footer","meta":{"footnotes":""},"class_list":["post-106","page","type-page","status-publish","hentry"],"yoast_head":"<!-- This site is optimized with the Yoast SEO plugin v26.7 - https:\/\/yoast.com\/wordpress\/plugins\/seo\/ -->\n<title>R\u00e9flexologie Plantaire - Le Reconnect - Votre espace soin et sant\u00e9 sur Gardanne<\/title>\n<meta name=\"description\" content=\"D\u00e9couvrez la r\u00e9flexologie plantaire : un soin des pieds qui aide \u00e0 d\u00e9tendre le corps, r\u00e9duire le stress et r\u00e9tablir l\u2019\u00e9quilibre pour un mieux-\u00eatre g\u00e9n\u00e9ral.\" \/>\n<meta name=\"robots\" content=\"index, follow, max-snippet:-1, max-image-preview:large, max-video-preview:-1\" \/>\n<link rel=\"canonical\" href=\"https:\/\/lereconnect.com\/index.php\/reflexologie-plantaire\/\" \/>\n<meta property=\"og:locale\" content=\"fr_FR\" \/>\n<meta property=\"og:type\" content=\"article\" \/>\n<meta property=\"og:title\" content=\"R\u00e9flexologie Plantaire - Le Reconnect - Votre espace soin et sant\u00e9 sur Gardanne\" \/>\n<meta property=\"og:description\" content=\"D\u00e9couvrez la r\u00e9flexologie plantaire : un soin des pieds qui aide \u00e0 d\u00e9tendre le corps, r\u00e9duire le stress et r\u00e9tablir l\u2019\u00e9quilibre pour un mieux-\u00eatre g\u00e9n\u00e9ral.\" \/>\n<meta property=\"og:url\" content=\"https:\/\/lereconnect.com\/index.php\/reflexologie-plantaire\/\" \/>\n<meta property=\"og:site_name\" content=\"Le Reconnect - Votre espace soin et sant\u00e9 sur Gardanne\" \/>\n<meta property=\"article:modified_time\" content=\"2025-12-11T11:34:05+00:00\" \/>\n<meta name=\"twitter:card\" content=\"summary_large_image\" \/>\n<meta name=\"twitter:label1\" content=\"Dur\u00e9e de lecture estim\u00e9e\" \/>\n\t<meta name=\"twitter:data1\" content=\"2 minutes\" \/>\n<script type=\"application\/ld+json\" class=\"yoast-schema-graph\">{\"@context\":\"https:\/\/schema.org\",\"@graph\":[{\"@type\":\"WebPage\",\"@id\":\"https:\/\/lereconnect.com\/index.php\/reflexologie-plantaire\/\",\"url\":\"https:\/\/lereconnect.com\/index.php\/reflexologie-plantaire\/\",\"name\":\"R\u00e9flexologie Plantaire - Le Reconnect - Votre espace soin et sant\u00e9 sur Gardanne\",\"isPartOf\":{\"@id\":\"https:\/\/lereconnect.com\/#website\"},\"datePublished\":\"2025-09-01T13:59:14+00:00\",\"dateModified\":\"2025-12-11T11:34:05+00:00\",\"description\":\"D\u00e9couvrez la r\u00e9flexologie plantaire : un soin des pieds qui aide \u00e0 d\u00e9tendre le corps, r\u00e9duire le stress et r\u00e9tablir l\u2019\u00e9quilibre pour un mieux-\u00eatre g\u00e9n\u00e9ral.\",\"breadcrumb\":{\"@id\":\"https:\/\/lereconnect.com\/index.php\/reflexologie-plantaire\/#breadcrumb\"},\"inLanguage\":\"fr-FR\",\"potentialAction\":[{\"@type\":\"ReadAction\",\"target\":[\"https:\/\/lereconnect.com\/index.php\/reflexologie-plantaire\/\"]}]},{\"@type\":\"BreadcrumbList\",\"@id\":\"https:\/\/lereconnect.com\/index.php\/reflexologie-plantaire\/#breadcrumb\",\"itemListElement\":[{\"@type\":\"ListItem\",\"position\":1,\"name\":\"Accueil\",\"item\":\"https:\/\/lereconnect.com\/\"},{\"@type\":\"ListItem\",\"position\":2,\"name\":\"R\u00e9flexologie Plantaire\"}]},{\"@type\":\"WebSite\",\"@id\":\"https:\/\/lereconnect.com\/#website\",\"url\":\"https:\/\/lereconnect.com\/\",\"name\":\"Le Reconnect - Espace bien \u00eatre et sant\u00e9 \u00e0 Gardannes\",\"description\":\"Centre sant\u00e9 et bien \u00eatre en entreprise\",\"publisher\":{\"@id\":\"https:\/\/lereconnect.com\/#organization\"},\"potentialAction\":[{\"@type\":\"SearchAction\",\"target\":{\"@type\":\"EntryPoint\",\"urlTemplate\":\"https:\/\/lereconnect.com\/?s={search_term_string}\"},\"query-input\":{\"@type\":\"PropertyValueSpecification\",\"valueRequired\":true,\"valueName\":\"search_term_string\"}}],\"inLanguage\":\"fr-FR\"},{\"@type\":\"Organization\",\"@id\":\"https:\/\/lereconnect.com\/#organization\",\"name\":\"Le reconnect\",\"url\":\"https:\/\/lereconnect.com\/\",\"logo\":{\"@type\":\"ImageObject\",\"inLanguage\":\"fr-FR\",\"@id\":\"https:\/\/lereconnect.com\/#\/schema\/logo\/image\/\",\"url\":\"https:\/\/lereconnect.com\/wp-content\/uploads\/2025\/09\/lereconnect.png\",\"contentUrl\":\"https:\/\/lereconnect.com\/wp-content\/uploads\/2025\/09\/lereconnect.png\",\"width\":360,\"height\":150,\"caption\":\"Le reconnect\"},\"image\":{\"@id\":\"https:\/\/lereconnect.com\/#\/schema\/logo\/image\/\"}}]}<\/script>\n<!-- \/ Yoast SEO plugin. -->","yoast_head_json":{"title":"R\u00e9flexologie Plantaire - Le Reconnect - Votre espace soin et sant\u00e9 sur Gardanne","description":"D\u00e9couvrez la r\u00e9flexologie plantaire : un soin des pieds qui aide \u00e0 d\u00e9tendre le corps, r\u00e9duire le stress et r\u00e9tablir l\u2019\u00e9quilibre pour un mieux-\u00eatre g\u00e9n\u00e9ral.","robots":{"index":"index","follow":"follow","max-snippet":"max-snippet:-1","max-image-preview":"max-image-preview:large","max-video-preview":"max-video-preview:-1"},"canonical":"https:\/\/lereconnect.com\/index.php\/reflexologie-plantaire\/","og_locale":"fr_FR","og_type":"article","og_title":"R\u00e9flexologie Plantaire - Le Reconnect - Votre espace soin et sant\u00e9 sur Gardanne","og_description":"D\u00e9couvrez la r\u00e9flexologie plantaire : un soin des pieds qui aide \u00e0 d\u00e9tendre le corps, r\u00e9duire le stress et r\u00e9tablir l\u2019\u00e9quilibre pour un mieux-\u00eatre g\u00e9n\u00e9ral.","og_url":"https:\/\/lereconnect.com\/index.php\/reflexologie-plantaire\/","og_site_name":"Le Reconnect - Votre espace soin et sant\u00e9 sur Gardanne","article_modified_time":"2025-12-11T11:34:05+00:00","twitter_card":"summary_large_image","twitter_misc":{"Dur\u00e9e de lecture estim\u00e9e":"2 minutes"},"schema":{"@context":"https:\/\/schema.org","@graph":[{"@type":"WebPage","@id":"https:\/\/lereconnect.com\/index.php\/reflexologie-plantaire\/","url":"https:\/\/lereconnect.com\/index.php\/reflexologie-plantaire\/","name":"R\u00e9flexologie Plantaire - Le Reconnect - Votre espace soin et sant\u00e9 sur Gardanne","isPartOf":{"@id":"https:\/\/lereconnect.com\/#website"},"datePublished":"2025-09-01T13:59:14+00:00","dateModified":"2025-12-11T11:34:05+00:00","description":"D\u00e9couvrez la r\u00e9flexologie plantaire : un soin des pieds qui aide \u00e0 d\u00e9tendre le corps, r\u00e9duire le stress et r\u00e9tablir l\u2019\u00e9quilibre pour un mieux-\u00eatre g\u00e9n\u00e9ral.","breadcrumb":{"@id":"https:\/\/lereconnect.com\/index.php\/reflexologie-plantaire\/#breadcrumb"},"inLanguage":"fr-FR","potentialAction":[{"@type":"ReadAction","target":["https:\/\/lereconnect.com\/index.php\/reflexologie-plantaire\/"]}]},{"@type":"BreadcrumbList","@id":"https:\/\/lereconnect.com\/index.php\/reflexologie-plantaire\/#breadcrumb","itemListElement":[{"@type":"ListItem","position":1,"name":"Accueil","item":"https:\/\/lereconnect.com\/"},{"@type":"ListItem","position":2,"name":"R\u00e9flexologie Plantaire"}]},{"@type":"WebSite","@id":"https:\/\/lereconnect.com\/#website","url":"https:\/\/lereconnect.com\/","name":"Le Reconnect - Espace bien \u00eatre et sant\u00e9 \u00e0 Gardannes","description":"Centre sant\u00e9 et bien \u00eatre en entreprise","publisher":{"@id":"https:\/\/lereconnect.com\/#organization"},"potentialAction":[{"@type":"SearchAction","target":{"@type":"EntryPoint","urlTemplate":"https:\/\/lereconnect.com\/?s={search_term_string}"},"query-input":{"@type":"PropertyValueSpecification","valueRequired":true,"valueName":"search_term_string"}}],"inLanguage":"fr-FR"},{"@type":"Organization","@id":"https:\/\/lereconnect.com\/#organization","name":"Le reconnect","url":"https:\/\/lereconnect.com\/","logo":{"@type":"ImageObject","inLanguage":"fr-FR","@id":"https:\/\/lereconnect.com\/#\/schema\/logo\/image\/","url":"https:\/\/lereconnect.com\/wp-content\/uploads\/2025\/09\/lereconnect.png","contentUrl":"https:\/\/lereconnect.com\/wp-content\/uploads\/2025\/09\/lereconnect.png","width":360,"height":150,"caption":"Le reconnect"},"image":{"@id":"https:\/\/lereconnect.com\/#\/schema\/logo\/image\/"}}]}},"_links":{"self":[{"href":"https:\/\/lereconnect.com\/index.php\/wp-json\/wp\/v2\/pages\/106","targetHints":{"allow":["GET"]}}],"collection":[{"href":"https:\/\/lereconnect.com\/index.php\/wp-json\/wp\/v2\/pages"}],"about":[{"href":"https:\/\/lereconnect.com\/index.php\/wp-json\/wp\/v2\/types\/page"}],"author":[{"embeddable":true,"href":"https:\/\/lereconnect.com\/index.php\/wp-json\/wp\/v2\/users\/2"}],"replies":[{"embeddable":true,"href":"https:\/\/lereconnect.com\/index.php\/wp-json\/wp\/v2\/comments?post=106"}],"version-history":[{"count":22,"href":"https:\/\/lereconnect.com\/index.php\/wp-json\/wp\/v2\/pages\/106\/revisions"}],"predecessor-version":[{"id":537,"href":"https:\/\/lereconnect.com\/index.php\/wp-json\/wp\/v2\/pages\/106\/revisions\/537"}],"wp:attachment":[{"href":"https:\/\/lereconnect.com\/index.php\/wp-json\/wp\/v2\/media?parent=106"}],"curies":[{"name":"wp","href":"https:\/\/api.w.org\/{rel}","templated":true}]}}